emainder when 244 is divided by 77.
13
What is the remainder when 53 is divided by 6?
5
Calculate the remainder when 27 is divided by 6.
3
What is the remainder when 78 is divided by 44?
34
What is the remainder when 111 is divided by 18?
3
What is the remainder when 51 is divided by 10?
1
What is the remainder when 486 is divided by 55?
46
Calculate the remainder when 527 is divided by 78.
59
Calculate the remainder when 82 is divided by 53.
29
What is the remainder when 186 is divided by 64?
58
Calculate the remainder when 150 is divided by 23.
12
Calculate the remainder when 807 is divided by 54.
51
What is the remainder when 1413 is divided by 336?
69
Calculate the remainder when 450 is divided by 210.
30
Calculate the remainder when 1593 is divided by 28.
25
Calculate the remainder when 533 is divided by 89.
88
What is the remainder when 7811 is divided by 84?
83
Calculate the remainder when 96 is divided by 33.
30
Calculate the remainder when 50 is divided by 13.
11
Calculate the remainder when 1659 is divided by 128.
123
Calculate the remainder when 920 is divided by 55.
40
Calculate the remainder when 1377 is divided by 53.
52
Calculate the remainder when 38 is divided by 19.
0
What is the remainder when 31831 is divided by 346?
345
Calculate the remainder when 221 is divided by 30.
11
What is the remainder when 36 is divided by 10?
6
What is the remainder when 207 is divided by 42?
39
What is the remainder when 562 is divided by 98?
72
Calculate the remainder when 1194 is divided by 52.
50
Calculate the remainder when 6828 is divided by 207.
204
Calculate the remainder when 2811 is divided by 255.
6
What is the remainder when 78 is divided by 10?
8
What is the remainder when 337 is divided by 72?
49
What is the remainder when 310 is divided by 105?
100
What is the remainder when 2149 is divided by 305?
14
What is the remainder when 854 is divided by 242?
128
What is the remainder when 700 is divided by 74?
34
Calculate the remainder when 393 is divided by 6.
3
Calculate the remainder when 469 is divided by 29.
5
What is the remainder when 1570 is divided by 153?
40
Calculate the remainder when 486 is divided by 108.
54
What is the remainder when 194 is divided by 13?
12
What is the remainder when 744 is divided by 76?
60
Calculate the remainder when 209 is divided by 164.
45
What is the remainder when 3393 is divided by 12?
9
What is the remainder when 3051 is divided by 71?
69
Calculate the remainder when 51 is divided by 43.
8
What is the remainder when 50 is divided by 39?
11
Calculate the remainder when 67 is divided by 17.
16
What is the remainder when 176 is divided by 55?
11
What is the remainder when 26 is divided by 14?
12
Calculate the remainder when 823 is divided by 26.
17
What is the remainder when 1829 is divided by 23?
12
What is the remainder when 139 is divided by 28?
27
What is the remainder when 87 is divided by 75?
12
Calculate the remainder when 104 is divided by 18.
14
What is the remainder when 174 is divided by 44?
42
What is the remainder when 416 is divided by 21?
17
Calculate the remainder when 472 is divided by 13.
4
What is the remainder when 1151 is divided by 9?
8
What is the remainder when 113 is divided by 33?
14
What is the remainder when 172 is divided by 22?
18
What is the remainder when 261 is divided by 132?
129
Calculate the remainder when 5145 is divided by 63.
42
What is the remainder when 66 is divided by 21?
3
What is the remainder when 1230 is divided by 113?
100
Calculate the remainder when 81 is divided by 14.
11
What is the remainder when 128 is divided by 38?
14
What is the remainder when 417 is divided by 64?
33
Calculate the remainder when 11 is divided by 5.
1
What is the remainder when 101 is divided by 6?
5
What is the remainder when 995 is divided by 29?
9
Calculate the remainder when 3775 is divided by 27.
22
What is the remainder when 101 is divided by 32?
5
What is the remainder when 830 is divided by 694?
136
What is the remainder when 4349 is divided by 34?
31
Calculate the remainder when 502 is divided by 86.
72
What is the remainder when 301 is divided by 16?
13
What is the remainder when 438 is divided by 113?
99
Calculate the remainder when 17302 is divided by 206.
204
What is the remainder when 1399 is divided by 29?
7
What is the remainder when 152 is divided by 24?
8
What is the remainder when 417 is divided by 10?
7
What is the remainder when 417 is divided by 25?
17
Calculate the remainder when 534 is divided by 20.
14
Calculate the remainder when 604 is divided by 24.
4
What is the remainder when 3004 is divided by 59?
54
What is the remainder when 51 is divided by 27?
24
Calculate the remainder when 146 is divided by 9.
2
Calculate the remainder when 43 is divided by 33.
10
What is the remainder when 50 is divided by 14?
8
What is the remainder when 446 is divided by 45?
41
Calculate the remainder when 44 is divided by 15.
14
What is the remainder when 30 is divided by 17?
13
Calculate the remainder when 668 is divided by 67.
65
Calculate the remainder when 488 is divided by 31.
23
What is the remainder when 117 is divided by 15?
12
Calculate the remainder when 135 is divided by 46.
43
What is the remainder when 102 is divided by 32?
6
Calculate the remainder when 170 is divided by 50.
20
Calculate the remainder when 1285 is divided by 328.
301
Calculate the remainder when 275 is divided by 127.
21
What is the remainder when 248 is divided by 25?
23
Calculate the remainder when 282 is divided by 17.
10
What is the remainder when 123 is divided by 8?
3
What is the remainder when 265 is divided by 67?
64
What is the remainder when 670 is divided by 139?
114
Calculate the remainder when 685 is divided by 13.
9
What is the remainder when 5431 is divided by 22?
19
What is the remainder when 547 is divided by 19?
15
Calculate the remainder when 169 is divided by 52.
13
What is the remainder when 717 is divided by 6?
3
What is the remainder when 244 is divided by 41?
39
What is the remainder when 12 is divided by 8?
4
What is the remainder when 608 is divided by 187?
47
What is the remainder when 151 is divided by 63?
25
What is the remainder when 231 is divided by 77?
0
What is the remainder when 412 is divided by 339?
73
Calculate the remainder when 1792 is divided by 103.
41
What is the remainder when 76 is divided by 26?
24
Calculate the remainder when 96 is divided by 18.
6
Calculate the remainder when 3358 is divided by 32.
30
What is the remainder when 133 is divided by 121?
12
What is the remainder when 220 is divided by 3?
1
What is the remainder when 381 is divided by 16?
13
What is the remainder when 151 is divided by 14?
11
What is the remainder when 900 is divided by 53?
52
Calculate the remainder when 286 is divided by 36.
34
Calculate the remainder when 266 is divided by 98.
70
What is the remainder when 275 is divided by 47?
40
What is the remainder when 210 is divided by 68?
6
What is the remainder when 2311 is divided by 393?
346
What is the remainder when 385 is divided by 99?
88
What is the remainder when 2879 is divided by 947?
38
What is the remainder when 267 is divided by 43?
9
What is the remainder when 948 is divided by 29?
20
Calculate the remainder when 44 is divided by 23.
21
Calculate the remainder when 3206 is divided by 247.
242
Calculate the remainder when 3848 is divided by 77.
75
What is the remainder when 16 is divided by 15?
1
Calculate the remainder when 1150 is divided by 223.
35
Calculate the remainder when 573 is divided by 72.
69
What is the remainder when 12278 is divided by 20?
18
What is the remainder when 487 is divided by 161?
4
Calculate the remainder when 122 is divided by 4.
2
Calculate the remainder when 1332 is divided by 236.
152
Calculate the remainder when 154 is divided by 53.
48
What is the remainder when 55 is divided by 29?
26
What is the remainder when 45899 is divided by 15?
14
What is the remainder when 17484 is divided by 29?
26
Calculate the remainder when 39 is divided by 22.
17
Calculate the remainder when 122 is divided by 55.
12
What is the remainder when 1047 is divided by 518?
11
What is the remainder when 2463 is divided by 14?
13
What is the remainder when 876 is divided by 44?
40
Calculate the re